of 156159738?
2, 3, 7, 137707
List the prime factors of 17951898.
2, 3, 17, 43, 4093
What are the prime factors of 1455456302?
2, 727728151
What are the prime factors of 139002590?
2, 5, 83, 223, 751
What are the prime factors of 291811067?
683, 427249
What are the prime factors of 110085812?
2, 17, 1618909
List the prime factors of 964984857.
3, 113, 1217, 2339
What are the prime factors of 311194878?
2, 3, 51865813
What are the prime factors of 33512782?
2, 149, 112459
List the prime factors of 588021879.
3, 196007293
What are the prime factors of 2775806947?
107, 25942121
What are the prime factors of 137266115?
5, 7, 37, 105997
List the prime factors of 88192680.
2, 3, 5, 19, 47, 823
What are the prime factors of 203705397?
3, 7, 461917
What are the prime factors of 680605757?
13, 769, 5237
List the prime factors of 641473560.
2, 3, 5, 7, 13, 61, 107
What are the prime factors of 1730646657?
3, 192294073
What are the prime factors of 1654508806?
2, 223, 3709661
What are the prime factors of 86819745?
3, 5, 5787983
What are the prime factors of 90634241?
90634241
What are the prime factors of 1542136927?
1542136927
What are the prime factors of 74670101?
11, 337, 20143
What are the prime factors of 108996446?
2, 13, 73, 57427
List the prime factors of 3426120263.
2141, 1600243
What are the prime factors of 212858387?
7, 19, 179, 8941
List the prime factors of 19849745.
5, 47, 84467
List the prime factors of 665988354.
2, 3, 53, 499, 1399
List the prime factors of 49156676.
2, 59, 208291
What are the prime factors of 56718541?
11, 5156231
What are the prime factors of 179560136?
2, 7, 71, 45161
List the prime factors of 122918112.
2, 3, 426799
List the prime factors of 71844705.
3, 5, 532183
What are the prime factors of 339001796?
2, 7, 373, 4637
List the prime factors of 8116125.
3, 5, 23, 941
What are the prime factors of 5856299018?
2, 773, 3788033
List the prime factors of 81010425.
3, 5, 967, 1117
What are the prime factors of 65375625?
3, 5, 7, 17, 293
List the prime factors of 2544677950.
2, 5, 50893559
What are the prime factors of 15354170?
2, 5, 13, 83, 1423
What are the prime factors of 42061623?
3, 14020541
List the prime factors of 50490273.
3, 16830091
What are the prime factors of 3322990940?
2, 5, 19, 941, 9293
What are the prime factors of 1060917194?
2, 21937, 24181
What are the prime factors of 21676921?
7, 17, 182159
List the prime factors of 313759733.
7, 47, 103, 197
List the prime factors of 5323963.
73, 72931
List the prime factors of 3572799614.
2, 41, 43570727
List the prime factors of 2045006431.
13, 53, 439, 6761
What are the prime factors of 81170361?
3, 9018929
List the prime factors of 425902392.
2, 3, 1049, 5639
What are the prime factors of 214368925?
5, 19, 451303
List the prime factors of 13729558.
2, 6864779
List the prime factors of 17339140.
2, 5, 7, 13, 1361
What are the prime factors of 1343659362?
2, 3, 17, 13173131
What are the prime factors of 554686266?
2, 3, 19, 73, 66653
What are the prime factors of 156766628?
2, 31, 199, 6353
List the prime factors of 332810121.
3, 7, 3301, 4801
What are the prime factors of 1184777343?
3, 131641927
What are the prime factors of 28565924?
2, 37, 193013
List the prime factors of 73807065.
3, 5, 546719
What are the prime factors of 97792525?
5, 19, 205879
List the prime factors of 144609243.
3, 48203081
What are the prime factors of 5010176?
2, 19571
What are the prime factors of 20708614?
2, 157, 65951
What are the prime factors of 52133023?
73, 714151
List the prime factors of 159157541.
1303, 122147
List the prime factors of 2770242552.
2, 3, 7, 11, 166561
What are the prime factors of 39343317?
3, 13, 23, 1907
What are the prime factors of 3862347548?
2, 43, 22455509
List the prime factors of 166570856.
2, 1427, 14591
List the prime factors of 3842161343.
3842161343
List the prime factors of 640875932.
2, 9199, 17417
List the prime factors of 6618554363.
307, 21558809
List the prime factors of 115009262.
2, 43, 1337317
What are the prime factors of 554103684?
2, 3, 41, 83, 4523
What are the prime factors of 1001834664?
2, 3, 41743111
What are the prime factors of 2983598210?
2, 5, 71, 1759, 2389
List the prime factors of 13699089.
3, 619, 2459
What are the prime factors of 3893615370?
2, 3, 5, 733, 59021
List the prime factors of 240158585.
5, 193, 248869
List the prime factors of 531122682.
2, 3, 1499, 59053
List the prime factors of 171007616.
2, 13, 102769
What are the prime factors of 787221458?
2, 67, 5874787
List the prime factors of 3926416609.
151, 1619, 16061
List the prime factors of 5815854249.
3, 109, 1399, 12713
What are the prime factors of 47906715?
3, 5, 643, 4967
List the prime factors of 2034375969.
3, 103, 6583741
List the prime factors of 123181148.
2, 30795287
List the prime factors of 889826419.
47, 73, 223, 1163
List the prime factors of 68114643.
3, 22704881
List the prime factors of 2333848550.
2, 5, 11, 4243361
What are the prime factors of 139461016?
2, 2083, 8369
What are the prime factors of 1263295138?
2, 7, 59, 1529413
List the prime factors of 2572055535.
3, 5, 7, 43, 79, 7211
List the prime factors of 28473767.
7, 131, 31051
List the prime factors of 70883688.
2, 3, 2953487
List the prime factors of 17909146.
2, 8954573
What are the prime factors of 394366290?
2, 3, 5, 41, 491, 653
List the prime factors of 111608530.
2, 5, 11, 29, 59, 593
What are the prime factors of 1808343664?
2, 419, 269741
List the prime factors of 118227121.
383, 467, 661
List the prime factors of 581523257.
7, 83074751
List the prime factors of 4855135.
5, 971027
What are the prime factors of 90089897?
157, 241, 2381
List the prime factors of 2090101167.
3, 7, 11, 3016019
List the prime factors of 143554585.
5, 28710917
What are the prime factors of 1632141473?
1632141473
List the prime factors of 166181549.
2087, 79627
List the prime factors of 1261967592.
2, 3, 31, 1696193
What are the prime factors of 308314237?
7, 11, 4004081
List the prime factors of 303127319.
11, 131, 210359
List the prime factors of 209804661.
3, 11, 83, 2837
List the prime factors of 504515177.
1621, 311237
List the prime factors of 131826544.
2, 8239159
List the prime factors of 10001279.
383, 26113
List the prime factors of 4452126037.
19, 109, 1103, 1949
What are the prime factors of 210541268?
2, 7, 7519331
What are the prime factors of 1799043579?
3, 5483, 36457
List the prime factors of 3277053163.
61, 131, 410093
List the prime factors of 868525662.
2, 3, 9601, 15077
List the prime factors of 153254120.
2, 5, 337, 11369
What are the prime factors of 155469459?
3, 2971, 17443
List the prime factors of 725964161.
13, 37, 53, 28477
What are the prime factors of 558285878?
2, 173, 1613543
List the prime factors of 81007053.
3, 1367, 19753
What are the prime factors of 100543744?
2, 7, 19, 2953
List the prime factors of 1644440687.
1644440687
List the prime factors of 250561665.
3, 5, 2063, 2699
What are the prime factors of 965649814?
2, 31, 59, 263983
List the prime factors of 5012325.
3, 5, 22277
List the prime factors of 182576935.
5, 36515387
What are the prime factors of 419224172?
2, 691, 151673
What are the prime factors of 937211903?
937211903
List the prime factors of 57009964.
2, 11, 1295681
List the prime factors of 2341866538.
2, 11, 97, 127, 8641
List the prime factors of 15713878.
2, 7856939
List the prime factors of 5089419682.
2, 2544709841
List the prime factors of 6096475471.
6096475471
List the prime factors of 2893341493.
7, 413334499
List the prime factors of 678253928.
2, 11, 7707431
What are the prime factors of 1217904877?
7, 41, 4243571
What are the prime factors of 197371919?
4231, 46649
List the prime factors of 41178566.
2, 11, 13, 143981
List the prime factors of 26419732.
2, 23, 211, 1361
What are the prime factors of 206830140?
2, 3, 5, 11, 31, 919
What are the prime factors of 83907195?
3, 5, 1423, 3931
List the prime factors of 28716702.
2, 3, 7, 683731
List the prime factors of 196858934.
2, 229, 429823
List the prime factors of 4490288597.
23, 311, 627749
List the prime factors of 402105481.
23, 17482847
List the prime factors of 910188573.
3, 7, 884537
What are the prime factors of 487440501?
3, 277, 586571
List the prime factors of